en 779 is divided by 157.
151
What is the remainder when 337 is divided by 46?
15
What is the remainder when 3065 is divided by 26?
23
What is the remainder when 908 is divided by 26?
24
What is the remainder when 454 is divided by 116?
106
Calculate the remainder when 2067 is divided by 103.
7
Calculate the remainder when 194 is divided by 161.
33
What is the remainder when 27 is divided by 18?
9
Calculate the remainder when 630 is divided by 79.
77
What is the remainder when 1772 is divided by 876?
20
Calculate the remainder when 1475 is divided by 376.
347
What is the remainder when 159 is divided by 60?
39
What is the remainder when 50 is divided by 35?
15
What is the remainder when 155 is divided by 13?
12
Calculate the remainder when 717 is divided by 72.
69
Calculate the remainder when 14 is divided by 4.
2
What is the remainder when 639 is divided by 20?
19
Calculate the remainder when 83 is divided by 24.
11
What is the remainder when 6472 is divided by 13?
11
Calculate the remainder when 383 is divided by 30.
23
Calculate the remainder when 252 is divided by 51.
48
Calculate the remainder when 653 is divided by 20.
13
Calculate the remainder when 285 is divided by 29.
24
Calculate the remainder when 1131 is divided by 7.
4
What is the remainder when 297 is divided by 263?
34
What is the remainder when 96 is divided by 59?
37
What is the remainder when 726 is divided by 21?
12
Calculate the remainder when 4286 is divided by 134.
132
Calculate the remainder when 170 is divided by 27.
8
What is the remainder when 208 is divided by 5?
3
What is the remainder when 1709 is divided by 854?
1
What is the remainder when 30 is divided by 22?
8
Calculate the remainder when 2781 is divided by 132.
9
Calculate the remainder when 66 is divided by 15.
6
Calculate the remainder when 371 is divided by 123.
2
Calculate the remainder when 23 is divided by 12.
11
Calculate the remainder when 48 is divided by 7.
6
What is the remainder when 68 is divided by 26?
16
What is the remainder when 1871 is divided by 8?
7
What is the remainder when 1294 is divided by 6?
4
What is the remainder when 76 is divided by 43?
33
What is the remainder when 291 is divided by 11?
5
What is the remainder when 1063 is divided by 82?
79
What is the remainder when 424 is divided by 86?
80
What is the remainder when 6532 is divided by 242?
240
What is the remainder when 156 is divided by 48?
12
What is the remainder when 2205 is divided by 1074?
57
What is the remainder when 31 is divided by 6?
1
Calculate the remainder when 2924 is divided by 133.
131
What is the remainder when 2009 is divided by 26?
7
Calculate the remainder when 4279 is divided by 20.
19
What is the remainder when 200 is divided by 26?
18
What is the remainder when 26 is divided by 12?
2
Calculate the remainder when 31769 is divided by 18.
17
Calculate the remainder when 1228 is divided by 82.
80
What is the remainder when 206 is divided by 36?
26
Calculate the remainder when 173 is divided by 151.
22
What is the remainder when 138 is divided by 65?
8
What is the remainder when 845 is divided by 172?
157
What is the remainder when 1137 is divided by 94?
9
What is the remainder when 709 is divided by 650?
59
Calculate the remainder when 1069 is divided by 8.
5
What is the remainder when 6509 is divided by 24?
5
Calculate the remainder when 1485 is divided by 240.
45
What is the remainder when 227 is divided by 75?
2
Calculate the remainder when 461 is divided by 31.
27
What is the remainder when 83 is divided by 26?
5
Calculate the remainder when 136 is divided by 42.
10
What is the remainder when 167 is divided by 1?
0
Calculate the remainder when 100 is divided by 89.
11
Calculate the remainder when 12785 is divided by 92.
89
Calculate the remainder when 302 is divided by 65.
42
Calculate the remainder when 1634 is divided by 12.
2
Calculate the remainder when 109 is divided by 41.
27
What is the remainder when 628 is divided by 30?
28
What is the remainder when 587 is divided by 514?
73
What is the remainder when 119 is divided by 70?
49
What is the remainder when 159 is divided by 50?
9
What is the remainder when 290 is divided by 142?
6
What is the remainder when 82 is divided by 44?
38
Calculate the remainder when 528 is divided by 171.
15
Calculate the remainder when 122 is divided by 6.
2
What is the remainder when 147 is divided by 75?
72
Calculate the remainder when 532 is divided by 117.
64
What is the remainder when 107 is divided by 28?
23
Calculate the remainder when 2288 is divided by 328.
320
What is the remainder when 616 is divided by 111?
61
Calculate the remainder when 50 is divided by 26.
24
Calculate the remainder when 712 is divided by 23.
22
Calculate the remainder when 144 is divided by 17.
8
What is the remainder when 196 is divided by 40?
36
Calculate the remainder when 469 is divided by 235.
234
Calculate the remainder when 69 is divided by 25.
19
What is the remainder when 1270 is divided by 207?
28
Calculate the remainder when 90 is divided by 5.
0
Calculate the remainder when 63 is divided by 47.
16
What is the remainder when 290 is divided by 62?
42
Calculate the remainder when 856 is divided by 5.
1
What is the remainder when 22 is divided by 4?
2
Calculate the remainder when 5218 is divided by 116.
114
What is the remainder when 368 is divided by 54?
44
Calculate the remainder when 670 is divided by 76.
62
What is the remainder when 7438 is divided by 43?
42
What is the remainder when 3292 is divided by 61?
59
What is the remainder when 76 is divided by 22?
10
What is the remainder when 771 is divided by 147?
36
What is the remainder when 39 is divided by 8?
7
Calculate the remainder when 11437 is divided by 80.
77
What is the remainder when 8976 is divided by 123?
120
Calculate the remainder when 546 is divided by 107.
11
What is the remainder when 41 is divided by 34?
7
What is the remainder when 298 is divided by 43?
40
What is the remainder when 4219 is divided by 21?
19
What is the remainder when 20802 is divided by 103?
99
What is the remainder when 24526 is divided by 12?
10
Calculate the remainder when 104 is divided by 15.
14
What is the remainder when 1216 is divided by 26?
20
What is the remainder when 648 is divided by 176?
120
What is the remainder when 308 is divided by 37?
12
What is the remainder when 12880 is divided by 19?
17
What is the remainder when 681 is divided by 12?
9
What is the remainder when 501 is divided by 130?
111
Calculate the remainder when 462 is divided by 31.
28
What is the remainder when 6968 is divided by 101?
100
Calculate the remainder when 2702 is divided by 82.
78
What is the remainder when 2165 is divided by 8?
5
What is the remainder when 591 is divided by 11?
8
Calculate the remainder when 493 is divided by 145.
58
Calculate the remainder when 346 is divided by 152.
42
What is the remainder when 95 is divided by 17?
10
What is the remainder when 7046 is divided by 53?
50
Calculate the remainder when 817 is divided by 137.
132
What is the remainder when 506 is divided by 15?
11
Calculate the remainder when 2191 is divided by 51.
49
What is the remainder when 10 is divided by 8?
2
What is the remainder when 1344 is divided by 4?
0
What is the remainder when 2708 is divided by 333?
44
Calculate the remainder when 46 is divided by 10.
6
What is the remainder when 453 is divided by 40?
13
What is the remainder when 46 is divided by 10?
6
What is the remainder when 586 is divided by 28?
26
Calculate the remainder when 222 is divided by 8.
6
What is the remainder when 2206 is divided by 47?
44
Calculate the remainder when 2230 is divided by 86.
80
What is the remainder when 1375 is divided by 40?
15
What is the remainder when 68 is divided by 12?
8
What is the remainder when 391 is divided by 375?
16
What is the remainder when 2363 is divided by 5?
3
Calculate the remainder when 508 is divided by 102.
100
What is the remainder when 132 is divided by 36?
24
Calculate the remainder when 35 is divided by 13.
9
Calculate the remainder when 97 is divided by 7.
6
What is the remainder when 330 is divided by 38?
26
Calculate the remainder when 1901 is divided by 474.
5
Calculate the remainder when 1402 is divided by 54.
52
Calculate the 